{"id":79,"date":"2021-06-17T15:08:43","date_gmt":"2021-06-17T18:08:43","guid":{"rendered":"http:\/\/contabilidadelaracerqueira.com.br\/?page_id=79"},"modified":"2022-09-11T13:44:52","modified_gmt":"2022-09-11T16:44:52","slug":"colibri-wp","status":"publish","type":"page","link":"https:\/\/contabilidadelaracerqueira.com.br\/","title":{"rendered":""},"content":{"rendered":"<div data-colibri-id=\"79-c1\" class=\"style-193 style-local-79-c1 position-relative\">\r\n  <!---->\r\n  <div data-colibri-component=\"section\" data-colibri-id=\"79-c6\" id=\"about\" class=\"h-section h-section-global-spacing d-flex align-items-lg-center align-items-md-center align-items-center style-198 style-local-79-c6 position-relative\">\r\n    <!---->\r\n    <!---->\r\n    <div class=\"h-section-grid-container h-section-boxed-container\">\r\n      <!---->\r\n      <div data-colibri-id=\"79-c7\" class=\"h-row-container gutters-row-lg-2 gutters-row-md-2 gutters-row-2 gutters-row-v-lg-2 gutters-row-v-md-2 gutters-row-v-2 style-199 style-local-79-c7 position-relative\">\r\n        <!---->\r\n        <div class=\"h-row justify-content-lg-center justify-content-md-center justify-content-center align-items-lg-stretch align-items-md-stretch align-items-stretch gutters-col-lg-2 gutters-col-md-2 gutters-col-2 gutters-col-v-lg-2 gutters-col-v-md-2 gutters-col-v-2\">\r\n          <!---->\r\n          <div class=\"h-column h-column-container d-flex h-col-lg-auto h-col-md-auto h-col-auto style-200-outer style-local-79-c8-outer\">\r\n            <div data-colibri-id=\"79-c8\" class=\"d-flex h-flex-basis h-column__inner h-px-lg-2 h-px-md-2 h-px-2 v-inner-lg-2 v-inner-md-2 v-inner-2 style-200 style-local-79-c8 position-relative\">\r\n              <!---->\r\n              <!---->\r\n              <div class=\"w-100 h-y-container h-column__content h-column__v-align flex-basis-100 align-self-lg-center align-self-md-center align-self-center\">\r\n                <!---->\r\n                <div data-colibri-id=\"79-c9\" class=\"h-global-transition-all h-heading style-201 style-local-79-c9 position-relative h-element\">\r\n                  <!---->\r\n                  <div class=\"h-heading__outer style-201 style-local-79-c9\">\r\n                    <!---->\r\n                    <!---->\r\n                    <h5 class=\"\">Abertura de Empresa<\/h5>\r\n                  <\/div>\r\n                <\/div>\r\n                <div data-colibri-id=\"79-c10\" class=\"h-global-transition-all h-heading style-202 style-local-79-c10 position-relative h-element\">\r\n                  <!---->\r\n                  <div class=\"h-heading__outer style-202 style-local-79-c10\">\r\n                    <!---->\r\n                    <!---->\r\n                    <h2 class=\"\">Empresa&nbsp;<em style=\"font-family: &quot;Playfair Display&quot;; color: rgb(3, 169, 244);\">100%<\/em>&nbsp;regularizada com o&nbsp;<em style=\"font-family: &quot;Playfair Display&quot;; color: rgb(3, 169, 244);\">m\u00ednimo<\/em> de imposto.<\/h2>\r\n                  <\/div>\r\n                <\/div>\r\n                <div data-colibri-id=\"79-c11\" class=\"h-lead h-text h-text-component style-203 style-local-79-c11 position-relative h-element\">\r\n                  <!---->\r\n                  <!---->\r\n                  <div class=\"\">\r\n                    <p>Cuidamos de todo o processo e te orientamos quanto \u00e0 documenta\u00e7\u00e3o.<\/p>\r\n                  <\/div>\r\n                <\/div>\r\n                <div data-colibri-id=\"79-c12\" class=\"h-x-container style-204 style-local-79-c12 position-relative h-element\">\r\n                  <!---->\r\n                  <div class=\"h-x-container-inner style-dynamic-79-c12-group style-204-spacing style-local-79-c12-spacing\"><span class=\"h-button__outer style-205-outer style-local-79-c13-outer d-inline-flex h-element\"><a h-use-smooth-scroll=\"true\" href=\"\"  data-colibri-id=\"79-c13\" class=\"d-flex w-100 align-items-center h-button justify-content-lg-center justify-content-md-center justify-content-center style-205 style-local-79-c13 position-relative\"><!----><!----> <span>Abrir Empresa Gr\u00e1tis<\/span><\/a>\r\n                    <\/span>\r\n                  <\/div>\r\n                <\/div>\r\n              <\/div>\r\n            <\/div>\r\n          <\/div>\r\n          <div class=\"h-column h-column-container d-flex h-col-lg-auto h-col-md-auto h-col-auto style-206-outer style-local-79-c14-outer\">\r\n            <div data-colibri-id=\"79-c14\" class=\"d-flex h-flex-basis h-column__inner h-px-lg-2 h-px-md-2 h-px-2 v-inner-lg-2 v-inner-md-2 v-inner-2 style-206 style-local-79-c14 position-relative\">\r\n              <!---->\r\n              <!---->\r\n              <div class=\"w-100 h-y-container h-column__content h-column__v-align flex-basis-100 align-self-lg-center align-self-md-center align-self-center\">\r\n                <!---->\r\n                <div data-colibri-id=\"79-c15\" class=\"d-block style-207 style-local-79-c15 position-relative h-element\">\r\n                  <!---->\r\n                  <div class=\"h-image__frame-container-outer\">\r\n                    <div class=\"h-image__frame-container\">\r\n                      <!---->\r\n                      <!---->\r\n                      <img loading=\"lazy\" width=\"1080\" height=\"1080\" src=\"http:\/\/contabilidadelaracerqueira.com.br\/wp-content\/uploads\/2022\/09\/Design-sem-nome-1.png\" class=\"wp-image-373 style-207-image style-local-79-c15-image\" srcset=\"https:\/\/contabilidadelaracerqueira.com.br\/wp-content\/uploads\/2022\/09\/Design-sem-nome-1.png 1080w, https:\/\/contabilidadelaracerqueira.com.br\/wp-content\/uploads\/2022\/09\/Design-sem-nome-1-300x300.png 300w, https:\/\/contabilidadelaracerqueira.com.br\/wp-content\/uploads\/2022\/09\/Design-sem-nome-1-1024x1024.png 1024w, https:\/\/contabilidadelaracerqueira.com.br\/wp-content\/uploads\/2022\/09\/Design-sem-nome-1-150x150.png 150w, https:\/\/contabilidadelaracerqueira.com.br\/wp-content\/uploads\/2022\/09\/Design-sem-nome-1-768x768.png 768w\" sizes=\"(max-width: 1080px) 100vw, 1080px\" alt=\"\" \/>\r\n                      <div class=\"h-image__frame h-hide-sm style-207-frameImage style-local-79-c15-frameImage\"><\/div>\r\n                    <\/div>\r\n                  <\/div>\r\n                <\/div>\r\n              <\/div>\r\n            <\/div>\r\n          <\/div>\r\n        <\/div>\r\n      <\/div>\r\n    <\/div>\r\n  <\/div>\r\n  <div data-colibri-component=\"section\" data-colibri-id=\"79-c50\" id=\"custom\" class=\"h-section h-section-global-spacing d-flex align-items-lg-center align-items-md-center align-items-center style-222 style-local-79-c50 position-relative\">\r\n    <!---->\r\n    <!---->\r\n    <div class=\"h-section-grid-container h-section-boxed-container\">\r\n      <!---->\r\n      <div data-colibri-id=\"79-c51\" class=\"h-row-container gutters-row-lg-2 gutters-row-md-2 gutters-row-0 gutters-row-v-lg-2 gutters-row-v-md-2 gutters-row-v-2 style-223 style-local-79-c51 position-relative\">\r\n        <!---->\r\n        <div class=\"h-row justify-content-lg-center justify-content-md-center justify-content-center align-items-lg-stretch align-items-md-stretch align-items-stretch gutters-col-lg-2 gutters-col-md-2 gutters-col-0 gutters-col-v-lg-2 gutters-col-v-md-2 gutters-col-v-2\">\r\n          <!---->\r\n          <div class=\"h-column h-column-container d-flex h-col-lg-auto h-col-md-auto h-col-auto style-224-outer style-local-79-c52-outer\">\r\n            <div data-colibri-id=\"79-c52\" class=\"d-flex h-flex-basis h-column__inner h-px-lg-2 h-px-md-2 h-px-2 v-inner-lg-2 v-inner-md-2 v-inner-2 style-224 style-local-79-c52 position-relative\">\r\n              <!---->\r\n              <!---->\r\n              <div class=\"w-100 h-y-container h-column__content h-column__v-align flex-basis-100 align-self-lg-center align-self-md-center align-self-center\">\r\n                <!---->\r\n                <div data-colibri-id=\"79-c55\" class=\"h-text h-text-component style-227 style-local-79-c55 position-relative h-element\">\r\n                  <!---->\r\n                  <!---->\r\n                  <div class=\"\">\r\n                    <p><span style=\"color: rgb(48, 69, 92); font-family: Lato, sans-serif; font-size: 18px; font-weight: 400;\">Para abrir sua empresa, \u00e9 obrigat\u00f3rio ter um CNPJ e um contador. Aqui voc\u00ea consegue tudo isso de uma vez e sem sair de casa. Nossos especialistas garantem que sua empresa fique 100% regular, com o m\u00ednimo de imposto.<\/span><\/p>\r\n                  <\/div>\r\n                <\/div>\r\n                <div data-colibri-id=\"79-c56\" class=\"h-x-container style-228 style-local-79-c56 position-relative h-element\">\r\n                  <!---->\r\n                  <div class=\"h-x-container-inner style-dynamic-79-c56-group style-228-spacing style-local-79-c56-spacing\"><span class=\"h-button__outer style-229-outer style-local-79-c57-outer d-inline-flex h-element\"><a h-use-smooth-scroll=\"true\" href=\"\"  data-colibri-id=\"79-c57\" class=\"d-flex w-100 align-items-center h-button justify-content-lg-center justify-content-md-center justify-content-center style-229 style-local-79-c57 position-relative\"><!----><!----> <span>Quero saber mais<\/span><\/a>\r\n                    <\/span>\r\n                  <\/div>\r\n                <\/div>\r\n              <\/div>\r\n            <\/div>\r\n          <\/div>\r\n          <div class=\"h-column h-column-container d-flex h-col-lg-auto h-col-md-auto h-col-auto style-225-outer style-local-79-c53-outer\">\r\n            <div data-colibri-id=\"79-c53\" class=\"d-flex h-flex-basis h-column__inner h-px-lg-2 h-px-md-2 h-px-2 v-inner-lg-2 v-inner-md-2 v-inner-2 style-225 style-local-79-c53 position-relative\">\r\n              <!---->\r\n              <!---->\r\n              <div class=\"w-100 h-y-container h-column__content h-column__v-align flex-basis-100 align-self-lg-start align-self-md-start align-self-start\">\r\n                <!---->\r\n                <div data-colibri-id=\"79-c58\" class=\"d-block style-230 style-local-79-c58 position-relative h-element\">\r\n                  <!---->\r\n                  <div class=\"h-image__frame-container-outer\">\r\n                    <div class=\"h-image__frame-container\">\r\n                      <!---->\r\n                      <!---->\r\n                      <img loading=\"lazy\" width=\"2000\" height=\"2000\" src=\"http:\/\/contabilidadelaracerqueira.com.br\/wp-content\/uploads\/2022\/09\/Sem-a-Contabilidade-Lara-Cerqueira.png\" class=\"wp-image-374 style-230-image style-local-79-c58-image\" srcset=\"https:\/\/contabilidadelaracerqueira.com.br\/wp-content\/uploads\/2022\/09\/Sem-a-Contabilidade-Lara-Cerqueira.png 2000w, https:\/\/contabilidadelaracerqueira.com.br\/wp-content\/uploads\/2022\/09\/Sem-a-Contabilidade-Lara-Cerqueira-300x300.png 300w, https:\/\/contabilidadelaracerqueira.com.br\/wp-content\/uploads\/2022\/09\/Sem-a-Contabilidade-Lara-Cerqueira-1024x1024.png 1024w, https:\/\/contabilidadelaracerqueira.com.br\/wp-content\/uploads\/2022\/09\/Sem-a-Contabilidade-Lara-Cerqueira-150x150.png 150w, https:\/\/contabilidadelaracerqueira.com.br\/wp-content\/uploads\/2022\/09\/Sem-a-Contabilidade-Lara-Cerqueira-768x768.png 768w, https:\/\/contabilidadelaracerqueira.com.br\/wp-content\/uploads\/2022\/09\/Sem-a-Contabilidade-Lara-Cerqueira-1536x1536.png 1536w\" sizes=\"(max-width: 2000px) 100vw, 2000px\" alt=\"\" \/>\r\n                      <div class=\"h-image__frame h-hide-lg h-hide-md h-hide-sm style-230-frameImage style-local-79-c58-frameImage\"><\/div>\r\n                    <\/div>\r\n                  <\/div>\r\n                <\/div>\r\n              <\/div>\r\n            <\/div>\r\n          <\/div>\r\n          <div class=\"h-column h-column-container d-flex h-col-lg-auto h-col-md-auto h-col-auto style-226-outer style-local-79-c54-outer\">\r\n            <div data-colibri-id=\"79-c54\" class=\"d-flex h-flex-basis h-column__inner h-px-lg-2 h-px-md-2 h-px-2 v-inner-lg-2 v-inner-md-2 v-inner-2 style-226 style-local-79-c54 position-relative\">\r\n              <!---->\r\n              <!---->\r\n              <div class=\"w-100 h-y-container h-column__content h-column__v-align flex-basis-100 align-self-lg-start align-self-md-start align-self-start\">\r\n                <!---->\r\n                <div data-colibri-id=\"79-c59\" class=\"d-block style-231 style-local-79-c59 position-relative h-element\">\r\n                  <!---->\r\n                  <div class=\"h-image__frame-container-outer\">\r\n                    <div class=\"h-image__frame-container\">\r\n                      <!---->\r\n                      <!---->\r\n                      <img loading=\"lazy\" width=\"2000\" height=\"2000\" src=\"http:\/\/contabilidadelaracerqueira.com.br\/wp-content\/uploads\/2022\/09\/COM-a-Contabilidade-Lara-Cerqueira.png\" class=\"wp-image-375 style-231-image style-local-79-c59-image\" srcset=\"https:\/\/contabilidadelaracerqueira.com.br\/wp-content\/uploads\/2022\/09\/COM-a-Contabilidade-Lara-Cerqueira.png 2000w, https:\/\/contabilidadelaracerqueira.com.br\/wp-content\/uploads\/2022\/09\/COM-a-Contabilidade-Lara-Cerqueira-300x300.png 300w, https:\/\/contabilidadelaracerqueira.com.br\/wp-content\/uploads\/2022\/09\/COM-a-Contabilidade-Lara-Cerqueira-1024x1024.png 1024w, https:\/\/contabilidadelaracerqueira.com.br\/wp-content\/uploads\/2022\/09\/COM-a-Contabilidade-Lara-Cerqueira-150x150.png 150w, https:\/\/contabilidadelaracerqueira.com.br\/wp-content\/uploads\/2022\/09\/COM-a-Contabilidade-Lara-Cerqueira-768x768.png 768w, https:\/\/contabilidadelaracerqueira.com.br\/wp-content\/uploads\/2022\/09\/COM-a-Contabilidade-Lara-Cerqueira-1536x1536.png 1536w\" sizes=\"(max-width: 2000px) 100vw, 2000px\" alt=\"\" \/>\r\n                      <div class=\"h-image__frame h-hide-lg h-hide-md h-hide-sm style-231-frameImage style-local-79-c59-frameImage\"><\/div>\r\n                    <\/div>\r\n                  <\/div>\r\n                <\/div>\r\n              <\/div>\r\n            <\/div>\r\n          <\/div>\r\n        <\/div>\r\n      <\/div>\r\n    <\/div>\r\n  <\/div>\r\n<\/div>","protected":false},"excerpt":{"rendered":"<p>Abertura de Empresa Empresa&nbsp;100%&nbsp;regularizada com o&nbsp;m\u00ednimo de imposto. Cuidamos de todo o processo e te orientamos quanto \u00e0 documenta\u00e7\u00e3o. Abrir Empresa Gr\u00e1tis Para abrir sua empresa, \u00e9 obrigat\u00f3rio ter um CNPJ e um contador. Aqui voc\u00ea consegue tudo isso de uma vez e sem sair de casa. Nossos especialistas garantem que sua empresa fique 100% [&hellip;]<\/p>\n","protected":false},"author":1,"featured_media":0,"parent":0,"menu_order":0,"comment_status":"closed","ping_status":"closed","template":"page-templates\/full-width-page.php","meta":{"om_disable_all_campaigns":false,"_monsterinsights_skip_tracking":false,"_monsterinsights_sitenote_active":false,"_monsterinsights_sitenote_note":"","_monsterinsights_sitenote_category":0},"aioseo_notices":[],"_links":{"self":[{"href":"https:\/\/contabilidadelaracerqueira.com.br\/index.php?rest_route=\/wp\/v2\/pages\/79"}],"collection":[{"href":"https:\/\/contabilidadelaracerqueira.com.br\/index.php?rest_route=\/wp\/v2\/pages"}],"about":[{"href":"https:\/\/contabilidadelaracerqueira.com.br\/index.php?rest_route=\/wp\/v2\/types\/page"}],"author":[{"embeddable":true,"href":"https:\/\/contabilidadelaracerqueira.com.br\/index.php?rest_route=\/wp\/v2\/users\/1"}],"replies":[{"embeddable":true,"href":"https:\/\/contabilidadelaracerqueira.com.br\/index.php?rest_route=%2Fwp%2Fv2%2Fcomments&post=79"}],"version-history":[{"count":20,"href":"https:\/\/contabilidadelaracerqueira.com.br\/index.php?rest_route=\/wp\/v2\/pages\/79\/revisions"}],"predecessor-version":[{"id":377,"href":"https:\/\/contabilidadelaracerqueira.com.br\/index.php?rest_route=\/wp\/v2\/pages\/79\/revisions\/377"}],"wp:attachment":[{"href":"https:\/\/contabilidadelaracerqueira.com.br\/index.php?rest_route=%2Fwp%2Fv2%2Fmedia&parent=79"}],"curies":[{"name":"wp","href":"https:\/\/api.w.org\/{rel}","templated":true}]}}