{"id":20,"date":"2021-06-08T14:03:07","date_gmt":"2021-06-08T17:03:07","guid":{"rendered":"http:\/\/contabilidadelaracerqueira.com.br\/?page_id=20"},"modified":"2022-09-01T17:39:08","modified_gmt":"2022-09-01T20:39:08","slug":"pagina-inicial","status":"publish","type":"page","link":"https:\/\/contabilidadelaracerqueira.com.br\/?page_id=20","title":{"rendered":"Contabilidade Lara Cerqueira"},"content":{"rendered":"\n<div class=\"wp-container-4 wp-block-columns\">\n<div class=\"wp-container-2 wp-block-column\" style=\"flex-basis:66.66%\">\n<p>Comece hoje mesmo a ter controle sobre a sua empresa, pre\u00e7o justo e servi\u00e7o de qualidade s\u00e3o o nosso foco.<\/p>\n\n\n\n<div class=\"wp-container-1 wp-block-buttons\">\n<div class=\"wp-block-button\"><a class=\"wp-block-button__link\">Solicite um or\u00e7amento<\/a><\/div>\n<\/div>\n<\/div>\n\n\n\n<div class=\"wp-container-3 wp-block-column\" style=\"flex-basis:33.33%\">\n<form name=\"form1\" class=\"formlogin\" id=\"form1\" action=\"https:\/\/app.contadoronline.contmatic.com.br\/efetualoginnovo\" method=\"post\">\n\t<div class=\"areaCliente\">\u00c1rea de clientes<\/div>\n\t\t<label>CNPJ\/CPF\/CAEPF\/CEI:<\/label>\n\t\t<input type=\"text\" name=\"documento\" id=\"contmatic_documento\" style=\"width: 150px;\"> <br>\n\t\t<label>Usu\u00e1rio:<\/label>\n\t\t<input type=\"text\" name=\"login\" id=\"login\" size=\"10\" maxlength=\"91\"> <br>\n\t\t<label>Senha:<\/label>\n\t\t<input type=\"password\" name=\"senha\" id=\"senha\" size=\"10\" maxlength=\"15\"> <br>\n\t\t<input type=\"submit\" value=\"Acessar\" class=\"btn_acessar\">\n\t\t<input type=\"hidden\" name=\"contadorId\" id=\"contadorId\" value=\"55268\">\n\t\t<br>\n\t\t<a href=\"https:\/\/app.contadoronline.contmatic.com.br\/painel\/esqueci\">Esqueci minha senha<\/a>\n <\/form>\n<\/div>\n<\/div>\n\n\n\n<script src=\"\/\/code.jivosite.com\/widget\/rWut5899YG\" async><\/script>\n","protected":false},"excerpt":{"rendered":"<p>Comece hoje mesmo a ter controle sobre a sua empresa, pre\u00e7o justo e servi\u00e7o de qualidade s\u00e3o o nosso foco. \u00c1rea de clientes CNPJ\/CPF\/CAEPF\/CEI: Usu\u00e1rio: Senha: Esqueci minha senha<\/p>\n","protected":false},"author":1,"featured_media":0,"parent":0,"menu_order":0,"comment_status":"closed","ping_status":"closed","template":"","meta":{"om_disable_all_campaigns":false,"_monsterinsights_skip_tracking":false,"_monsterinsights_sitenote_active":false,"_monsterinsights_sitenote_note":"","_monsterinsights_sitenote_category":0},"aioseo_notices":[],"_links":{"self":[{"href":"https:\/\/contabilidadelaracerqueira.com.br\/index.php?rest_route=\/wp\/v2\/pages\/20"}],"collection":[{"href":"https:\/\/contabilidadelaracerqueira.com.br\/index.php?rest_route=\/wp\/v2\/pages"}],"about":[{"href":"https:\/\/contabilidadelaracerqueira.com.br\/index.php?rest_route=\/wp\/v2\/types\/page"}],"author":[{"embeddable":true,"href":"https:\/\/contabilidadelaracerqueira.com.br\/index.php?rest_route=\/wp\/v2\/users\/1"}],"replies":[{"embeddable":true,"href":"https:\/\/contabilidadelaracerqueira.com.br\/index.php?rest_route=%2Fwp%2Fv2%2Fcomments&post=20"}],"version-history":[{"count":10,"href":"https:\/\/contabilidadelaracerqueira.com.br\/index.php?rest_route=\/wp\/v2\/pages\/20\/revisions"}],"predecessor-version":[{"id":357,"href":"https:\/\/contabilidadelaracerqueira.com.br\/index.php?rest_route=\/wp\/v2\/pages\/20\/revisions\/357"}],"wp:attachment":[{"href":"https:\/\/contabilidadelaracerqueira.com.br\/index.php?rest_route=%2Fwp%2Fv2%2Fmedia&parent=20"}],"curies":[{"name":"wp","href":"https:\/\/api.w.org\/{rel}","templated":true}]}}